k + 2*k = 96. What is the greatest common divisor of y and w?
12
Let q = 3 + -17. Let p = -9 - q. Suppose -2*z - p = -7*z + 4*j, 5*z + 4*j - 5 = 0. What is the greatest common divisor of z and 5?
1
Let b(s) = -4*s**3 - s**2 - s. Let p be b(-1). Suppose v = p*v - 306. Calculate the greatest common divisor of 17 and v.
17
Let c be -2 + -561 - (-7 - -7). Let g be c/(-5) + 1 + (-12)/(-30). Calculate the highest common divisor of g and 19.
19
Suppose 3*d - 3*w = -d + 20, 2*w = -5*d + 2. Let r = 132 - 128. What is the greatest common divisor of r and d?
2
Suppose -3*c = -3 - 6. Suppose -5*d = c*g - 0*g - 26, -3*d = 5*g - 22. Let q = d - 0. Calculate the greatest common factor of 6 and q.
2
Suppose -j - 690 + 729 = 0. Calculate the highest common factor of 169 and j.
13
Let i = -23 - -25. Suppose 7*t - i*t - 2*h - 79 = 0, -2*h = 3*t - 41. What is the greatest common divisor of t and 3?
3
Let a = 9 - 6. Suppose a*l = 5*l - 50. Suppose 3*w + 5*z = 5, -7*w - 3*z + l = -3*w. What is the greatest common divisor of 5 and w?
5
Suppose 0 = -2*z - 3*n - 10, -11 - 7 = -2*z + 4*n. Let i = 10 - 2. Calculate the highest common factor of z and i.
1
Let g(u) = -14*u - 554. Let r be g(-42). What is the highest common divisor of 2686 and r?
34
Suppose 28*l + 20 = 468. Calculate the greatest common factor of 104 and l.
8
Let p(g) = g**2 + 10*g - 30. Let d be p(3). What is the highest common divisor of 7 and d?
1
Let n = 728 + -665. Calculate the highest common divisor of n and 1008.
63
Let p be (-6)/(-8)*-2*-60. Let x(s) be the first derivative of 17*s**4/4 + s**3/3 - 10. Let u be x(1). What is the highest common factor of u and p?
18
Suppose -4*n + 2935 = -5201. Let x be 8/(-20) - n/(-10). Suppose 3*u + 58 = 2*v, u = 4*v - 9*v + 145. Calculate the greatest common factor of v and x.
29
Let a = -16 - -19. Suppose 26 + 4 = a*x. Suppose 11*d - 15 = x*d. What is the greatest common factor of d and 105?
15
Let j(r) = 176*r - 1680. Let c be j(10). Suppose 3*a - 40 = -a. Calculate the greatest common factor of c and a.
10
Suppose 0 = -15*l + 456 + 309. What is the highest common divisor of l and 255?
51
Suppose -5*i + 33 + 7 = 0. Suppose -p + i*p - 203 = 0. Calculate the highest common divisor of p and 319.
29
Suppose -5*b = -0*u + u - 6, -3*b + 14 = u. Let l be (-168)/(-15)*195/6. Let g = -78 + l. Calculate the highest common factor of g and u.
26
Let c = 378 + -298. Calculate the highest common factor of c and 20.
20
Suppose 5*h = -4*m + h + 1132, 4*m - 1138 = -2*h. What is the greatest common divisor of m and 11?
11
Suppose -3*a = -a. Let j(h) = h**3 - h**2 - h + 108. Let t be j(a). What is the greatest common factor of t and 27?
27
Let w = 141 + -56. What is the greatest common factor of 544 and w?
17
Suppose -4*c + 6*c - 116 = -4*y, -5*c = -y + 40. Calculate the highest common factor of 615 and y.
15
Suppose -3*w = -0*w + 5*f + 17, 5*w = -3*f - 55. Let u = w - -59. Calculate the greatest common divisor of u and 30.
15
Suppose 2*w + s - 48 = 0, 5*w - 60 = 3*w + 5*s. Let j(a) = -a**3 - 19*a**2 - 24*a + 117. Let i be j(-18). What is the highest common factor of w and i?
25
Suppose -x - 2*p = -346, -1691 = -4*x + p - 298. What is the highest common divisor of x and 60?
12
Suppose g - 378 = 4*z, -5*z = -6*z - 1. Calculate the greatest common divisor of g and 88.
22
Let i(u) = -2*u - 2. Let d be i(-4). Suppose 0 = -b + d*b - g - 28, 0 = 3*b - 4*g - 10. Let f = b - -26. What is the highest common factor of 4 and f?
4
Let s(y) = 22*y**2 - 8*y + 3. Let p be s(4). What is the greatest common divisor of 19 and p?
19
Suppose -72 = -7*j + 4*j. Let r(i) = i**3 - 3*i**2 + 2*i + 6. Let y be r(3). What is the highest common divisor of j and y?
12
Let h be 6 + 1 + -5 + 2. Suppose -h*x - 7 = 5. Let i(d) = -4*d**3 - 2*d**2 + 2*d + 4. Let z be i(x). What is the highest common factor of z and 11?
11
Let a be (81/(-9))/(9/(-6)). Suppose l + 1 = -3*v - l, 5*l - 20 = 0. Let j be (-14)/a*v/1. What is the greatest common divisor of 42 and j?
7
Suppose 8*d = 7*d + 1034. Let c be d/55 + (-4)/5. Let v = c + -6. Calculate the highest common factor of v and 84.
12
Let g be 194 + -8*4/8*-1. What is the highest common divisor of g and 22?
22
Let x be 126/(6/(-180)*-12). Calculate the greatest common divisor of 525 and x.
105
Let o(f) = f + 7. Let j be o(-4). Suppose -8 = -4*b + 5*m, 5*b - 2*m + 4 = -j. Let u be (4/1)/(b/(-6)). What is the greatest common divisor of u and 24?
8
Let d be (-38 - -36) + (-63)/(-3). What is the greatest common factor of d and 38?
19
Let w = 13 + -18. Let p = 11 + w. Let m = 12 - p. What is the greatest common divisor of m and 48?
6
Let y = 2891 + -2059. Let w = y - 592. Suppose w = -b + 4*b. What is the highest common factor of b and 20?
20
Suppose 4*i - 25 = -9. Suppose -7*q - 155 = 13. Let r = -23 - q. Calculate the highest common divisor of i and r.
1
Let a be 0 - 753/(-7) - 24/(-56). What is the greatest common divisor of a and 4?
4
Suppose 1 = -3*k + 7. Suppose -3*q = k + 1. Let h be 117 - q*(-4)/(-2). What is the highest common factor of h and 17?
17
Let z be ((-18)/(-30))/((12/(-15))/(-4)). Suppose 6*r - r = -2*c - 11, 0 = 3*c - 2*r - 12. Calculate the greatest common factor of c and z.
1
Let i be (-6)/4 - (-22)/4. Suppose 3*c + c + 40 = 2*q, -76 = -5*q + i*c. Let x be 32/(0 + (-1)/(-3)). What is the greatest common factor of q and x?
12
Let o(m) = -m**3 + 6*m**2 + 5*m. Let q be o(-1). Calculate the highest common factor of 38 and q.
2
Suppose 31*o - 4012 + 261 = 0. What is the greatest common factor of 22 and o?
11
Let v be ((-21)/(-63))/(2/528). What is the highest common factor of 110 and v?
22
Let i = 475 + -471. What is the highest common factor of 52 and i?
4
Suppose -5*m + 112 = 2*m. Let s(j) = 12*j. Let c be s(2). Calculate the greatest common divisor of c and m.
8
Suppose -4*l + 159 = -185. Suppose 4*x - 4*c - 142 - 190 = 0, -2*c - l = -x. Suppose -5 - 11 = -2*h. What is the highest common factor of x and h?
8
Let a = 33 - 30. Let o(w) = -a*w + 2*w + w - 9 + 2*w. Let p be o(6). What is the highest common divisor of 1 and p?
1
Let r be (88/33)/(-4)*-27. What is the highest common factor of r and 90?
18
Suppose 32*l - 11088 = -24*l. Calculate the highest common factor of 144 and l.
18
Suppose -84*s - 357 = -91*s. What is the highest common divisor of 1581 and s?
51
Let u(y) = -y**2 + 64*y + 1495. Let w be u(0). Calculate the highest common factor of 46 and w.
23
Let j(h) = h**3 + 3*h**2 - 4*h - 1. Let a = 22 - 26. Let v be j(a). Let c be -3 + v - (-237)/3. Calculate the highest common divisor of c and 30.
15
Suppose 4*g = 273 + 415. Suppose 208 = 4*w - g. Let s be (-1)/2*(0 - 38). Calculate the highest common divisor of w and s.
19
Let r = -3 - -4. Suppose -2*j + 4*t - 7 = -r, 2*j - 3*t = -3. Suppose -10*z - 9 = -13*z. Calculate the greatest common divisor of z and j.
3
Let y = -152 - -202. Calculate the greatest common factor of y and 3550.
50
Let v = 76 - -7. Suppose -v = -6*f - 11. What is the highest common divisor of f and 60?
12
Suppose 720 = 63*l - 60*l. Calculate the greatest common factor of 15 and l.
15
Let m(y) = -y**3 - 4*y**2 - 29*y - 11. Let p be m(-5). Calculate the greatest common factor of p and 106.
53
Suppose o - 4*a = 3, 0 = -3*a + 5*a. Suppose -o = -5*k + 37. Let b be 42/3 + (-1 - 1). Calculate the greatest common factor of k and b.
4
Let c(y) = -y**3 + 17*y**2 - 11*y + 34. Let d be c(10). Calculate the highest common divisor of d and 72.
24
Let t = 8 + -3. Suppose 0*z = t*v + 2*z - 227, -2*v + 4*z + 86 = 0. Suppose 183*g - 167*g = 288. What is the greatest common divisor of g and v?
9
Suppose -22 = -3*s - 14*b + 10*b, 3*b = 3*s + 6. Suppose -4*t = -4*z + 16, -s*t - 13 = 2*z + 3*t. What is the greatest common divisor of z and 4?
1
Let c be 0/(-5) + (-9)/((-9)/3). Let g be c + (-4 + 4)/((-4)/4). Let k(j) = -3*j. Let d be k(-3). Calculate the highest common factor of d and g.
3
Suppose 8*y - 36 = 2*y. Let z(j) = -j**3 - 8*j**2 - 9*j - 6. Let u be z(-7). Suppose u*q - 9*q = -y. What is the highest common factor of q and 48?
6
Suppose 5*s + 0*s - 5*p - 270 = 0, 2*p + 276 = 5*s. What is the highest common divisor of s and 32?
8
Let i be (-3 - -2) + -6 - (-7 - 595). What is the greatest common factor of i and 51?
17
Let s = 4 - -8. Let b be 